{"id":246,"date":"2013-02-13T11:23:33","date_gmt":"2013-02-13T11:23:33","guid":{"rendered":"http:\/\/www.lilec.it\/canada\/wp\/?page_id=246"},"modified":"2016-09-05T09:26:13","modified_gmt":"2016-09-05T09:26:13","slug":"attivita-2013","status":"publish","type":"page","link":"http:\/\/www.lilec.it\/canada\/?page_id=246","title":{"rendered":"Attivit\u00e0 2013"},"content":{"rendered":"<ul>\n<li><strong><a href=\"http:\/\/www.lilec.it\/canada\/wp\/wp-content\/uploads\/2016\/06\/MaryConde.doc\">MARY CONDE\u2019<\/a><\/strong><\/li>\n<\/ul>\n<h4><strong>Mercoled\u00ec 27 febbraio 2013, <\/strong><strong>ore 14:00-15:00<\/strong><\/h4>\n<h4>Palazzo Verdi, Via Pasolini 23, Ravenna<\/h4>\n<p>&nbsp;<\/p>\n<h4 style=\"text-align: center;\"><strong>Mary Cond\u00e8<\/strong><\/h4>\n<h4 style=\"text-align: center;\">(University of London)<\/h4>\n<h4 style=\"text-align: center;\">terr\u00e0 una conferenza dal titolo<\/h4>\n<h4 style=\"text-align: center;\"><strong><em>\u201cCEREUS BLOOMS AT NIGHT\u201d<\/em><\/strong><\/h4>\n<h4 style=\"text-align: center;\">by Shani Mootoo<\/h4>\n<p>&nbsp;<\/p>\n<ul>\n<li>\n<h4><u>Presentano:<\/u><\/h4>\n<ul>\n<li>\n<h4><strong>Carla Comellini<\/strong>, Responsabile Scientifico del Centro di Studi Canadesi \u201cAlfredo Rizzardi\u201d, Universit\u00e0 di Bologna.<\/h4>\n<\/li>\n<li>\n<h4><strong>Laura Ferri, <\/strong>Woodsworth College Coordinator, UoT.<\/h4>\n<\/li>\n<\/ul>\n<\/li>\n<\/ul>\n<p>&nbsp;<\/p>\n<ul>\n<li>\n<h4><a href=\"http:\/\/www.lilec.it\/canada\/wp\/wp-content\/uploads\/2013\/02\/Presentazione-libro-.pdf\">I TANTI INGLESI &#8211; STUDIO SULLE VARIANTI DELLA LINGUA INGLESE<\/a><\/h4>\n<\/li>\n<\/ul>\n<h4 data-canvas-width=\"183.8681985486797\"><strong>Mercoled\u00ec 24 Aprile, ore 18.00<\/strong><\/h4>\n<h4 data-canvas-width=\"162.98637835113885\">presso l\u2019Associazione Culturale Italo Britannica, Via Farini 35. www.italobritannica.com<\/h4>\n<h4 data-canvas-width=\"335.4657689981858\">L\u2019Associazione Culturale Italo Britannica ed il Centro Studi Canadesi \u201cAlfredo Rizzardi\u201d hanno il piacere di invitare la S.V. alla presentazione del volume<\/h4>\n<p>&nbsp;<\/p>\n<h4 style=\"text-align: center;\" data-canvas-width=\"234.24069240072564\"><strong><em>I tanti inglesi<\/em><\/strong><\/h4>\n<h4 style=\"text-align: center;\" data-canvas-width=\"615.7113743196936\">Studio sulle varianti della lingua inglese<\/h4>\n<h4 style=\"text-align: center;\" data-canvas-width=\"104.1459584761137\">A cura di<\/h4>\n<h4 style=\"text-align: center;\" data-canvas-width=\"231.25139346905868\"><strong>Carla Comellini<\/strong><\/h4>\n<h4 style=\"text-align: center;\" data-canvas-width=\"88.29893166700262\">Bologna, Clueb, 2012<\/h4>\n<p>&nbsp;<\/p>\n<h4><strong>Carla Comellini<\/strong>, Professore Associato di Letteratura Inglese e Responsabile Scientifico del Centro Canadese \u201cAlfredo Rizzardi\u201d, Universit\u00e0 di Bologna.<\/h4>\n<h4><\/h4>\n<h4 data-canvas-width=\"130.63095988711953\"><strong>Eleonora Federici<\/strong>, Professore Associato di Lingua e Traduzione Inglese, Universit\u00e0 della Calabria.<\/h4>\n","protected":false},"excerpt":{"rendered":"<p>MARY CONDE\u2019 Mercoled\u00ec 27 febbraio 2013, ore 14:00-15:00 Palazzo Verdi, Via Pasolini 23, Ravenna &nbsp; Mary Cond\u00e8 (University of London) terr\u00e0 una conferenza dal titolo \u201cCEREUS BLOOMS AT NIGHT\u201d by Shani Mootoo &nbsp; Presentano: Carla Comellini, Responsabile Scientifico del Centro &hellip; <a href=\"http:\/\/www.lilec.it\/canada\/?page_id=246\">Continua a leggere<span class=\"meta-nav\">&rarr;<\/span><\/a><\/p>\n","protected":false},"author":6,"featured_media":0,"parent":20,"menu_order":0,"comment_status":"closed","ping_status":"closed","template":"","meta":[],"_links":{"self":[{"href":"http:\/\/www.lilec.it\/canada\/index.php?rest_route=\/wp\/v2\/pages\/246"}],"collection":[{"href":"http:\/\/www.lilec.it\/canada\/index.php?rest_route=\/wp\/v2\/pages"}],"about":[{"href":"http:\/\/www.lilec.it\/canada\/index.php?rest_route=\/wp\/v2\/types\/page"}],"author":[{"embeddable":true,"href":"http:\/\/www.lilec.it\/canada\/index.php?rest_route=\/wp\/v2\/users\/6"}],"replies":[{"embeddable":true,"href":"http:\/\/www.lilec.it\/canada\/index.php?rest_route=%2Fwp%2Fv2%2Fcomments&post=246"}],"version-history":[{"count":11,"href":"http:\/\/www.lilec.it\/canada\/index.php?rest_route=\/wp\/v2\/pages\/246\/revisions"}],"predecessor-version":[{"id":498,"href":"http:\/\/www.lilec.it\/canada\/index.php?rest_route=\/wp\/v2\/pages\/246\/revisions\/498"}],"up":[{"embeddable":true,"href":"http:\/\/www.lilec.it\/canada\/index.php?rest_route=\/wp\/v2\/pages\/20"}],"wp:attachment":[{"href":"http:\/\/www.lilec.it\/canada\/index.php?rest_route=%2Fwp%2Fv2%2Fmedia&parent=246"}],"curies":[{"name":"wp","href":"https:\/\/api.w.org\/{rel}","templated":true}]}}