{"id":343,"date":"2012-05-02T10:23:18","date_gmt":"2012-05-02T10:23:18","guid":{"rendered":"http:\/\/www.lilec.it\/canada\/?page_id=343"},"modified":"2016-09-05T09:26:12","modified_gmt":"2016-09-05T09:26:12","slug":"attivita-2016","status":"publish","type":"page","link":"http:\/\/www.lilec.it\/canada\/?page_id=343","title":{"rendered":"Attivit\u00e0 2012"},"content":{"rendered":"<ul>\n<li><strong><a href=\"http:\/\/www.lilec.it\/canada\/wp\/wp-content\/uploads\/2012\/05\/ElliottVicesindaco1.pdf\">GEORGE ELLIOTT CLARKE<\/a><br \/>\n<\/strong><\/li>\n<\/ul>\n<h4><strong>Mercoled\u00ec 19 settembre 2012, ore 17.00<\/strong><\/h4>\n<h4>Sala conferenze &#8211; DISMEC &#8211; Via Ariani 1, Ravenna.<\/h4>\n<h4>Il centro di Studi Canadesi &#8220;Alfredo Rizzardi&#8221; dell&#8217;Universit\u00e0 di Bologna, in collaborazione con la Facolt\u00e0 di Conservazione dei Beni Culturali \u00e8 lieto di invitare la cittadinanza alla Reading Session del poeta canadese<\/h4>\n<p>&nbsp;<\/p>\n<h4 style=\"text-align: center;\"><strong>George Elliott Clarke<\/strong><\/h4>\n<p>&nbsp;<\/p>\n<ul>\n<li>\n<h4><a href=\"http:\/\/www.lilec.it\/canada\/wp\/wp-content\/uploads\/2016\/06\/rizza_melfi_Layout-1redux.pdf\">MARY MELFI<\/a><\/h4>\n<\/li>\n<\/ul>\n<h4><strong>Mercoled\u00ec 5 dicembre 2012, ore 14.30<\/strong><br \/>\nPalazzo Corradini, Aula 6, via Mariani 5, Ravenna<\/h4>\n<p>&nbsp;<\/p>\n<h4 style=\"text-align: center;\"><em><strong>&#8220;Ritorno in <\/strong><\/em><em><strong>Italia&#8221;<\/strong><\/em><br \/>\nCosmo Iannone Editore, Reti, Isernia, 2012<\/h4>\n<p>&nbsp;<\/p>\n<h4><\/h4>\n<h4><strong>Mary Melfi<\/strong><br \/>\nNata a Casacalenda nel 1951, a sei anni si \u00e8 trasferita in Canada con la famiglia. Laureata in Letteratura inglese<br \/>\nalla Concordia University, \u00e8 autrice di numerose pubblicazioni di poesia, prosa, teatro e di racconti per ragazzi.<\/h4>\n<p>&nbsp;<\/p>\n<h4 style=\"text-align: left;\"><strong>Presenta<\/strong><br \/>\n<strong>Carla Comellini<\/strong>, Responsabile scientifico del Centro studi Canadesi \u201cAlfredo Rizzardi\u201d<br \/>\n<strong>Intervento della traduttrice<\/strong><br \/>\n<strong>Laura Ferri<\/strong>, Direttore del Centro Siena-Toronto &#8211; Universit\u00e0 di Siena<\/h4>\n<p>&nbsp;<\/p>\n<ul>\n<li><span style=\"color: #ff0000;\"><em><a href=\"http:\/\/www.lilec.it\/canada\/wp\/wp-content\/uploads\/2016\/06\/Associazione-italo-britannica-locandina.pdf\">CICLO DI SEMINARI DI LETTERATURA CANADESE 2012<\/a><\/em><\/span><\/li>\n<\/ul>\n<h4><\/h4>\n<h4><strong>Programma:<\/strong><\/h4>\n<p>&nbsp;<\/p>\n<ul>\n<li>\n<h4><strong>Carla Comellini <\/strong>(PA. Letteratura Inglese, Responsabile Scientifico del Centro di Studi Canadesi &#8220;Alfredo Rizzardi&#8221;) presenta il volume &#8220;The Door\/La Porta&#8221; di Margaret Atwood, a cura di Eleonora Rao, nella traduzione italiana di Eleonora Rao e Giuseppina Botta, <em><strong>9 maggio 2012<\/strong>, Associazione Italo-Britannica, Via Farini, 35, Bologna, ore 18.00<\/em><\/h4>\n<\/li>\n<li>\n<h4><strong>Paola Puccini<\/strong> (PA. Lingua e traduzione francese, Coordinatore Scientifico dell\u2019Unit\u00e0 di Bologna del Centro Interuniversitario di Studi del Quebec): <em>&#8220;Autotraduzione e immigrazione: il caso di Marco Micone&#8221;<\/em>, <strong>10 maggio 2012<\/strong>, Sala della Giunta, D.L.L.S.M. , ore 15-17<\/h4>\n<\/li>\n<li>\n<h4><strong>Maria Rosa Giordani <\/strong>(Dottore di ricerca in Letteratura Canadese):<em> &#8220;Obasan e Itsuka. i romanzi storici di Joy Kogawa&#8221;<\/em>, <strong>17 maggio 2012<\/strong>, Sala Lugli, D.L.L.S.M, ore 15-17<\/h4>\n<\/li>\n<li>\n<h4><strong>Laura Cenacchi <\/strong>(Dottore di ricerca in Letteratura Canadese): <em>&#8220;Modernit\u00e0 e tradizione nell&#8217;opera di Robertson Davies: il Mystery Novel&#8221;<\/em>,<strong> 7 giugno 2012<\/strong>, Sala Convegni, D.L.L.S.M, ore 15-17<\/h4>\n<\/li>\n<li>\n<h4><strong>Mariella Lorusso<\/strong> (Dottore di ricerca in Letteratura Canadese): <em>&#8220;The End and the Beginning: il linguaggio della natura nella poetica di Louise Halfe&#8221;<\/em>, <strong>15 giugno 2012<\/strong>, Sala Convegni, D.L.L.S.M, ore 14,30-16,30<\/h4>\n<\/li>\n<li>\n<h4><strong>Serena Baiesi<\/strong> (Ricercatore in lingua e letteratura inglese): <em>&#8220;Viaggiatrici nel Nuovo Mondo: Canada e Australia&#8221;<\/em>, <strong>27 settembre 2012<\/strong>, Sala Convegni, D.L.L.S.M, ore15-17<\/h4>\n<\/li>\n<li>\n<h4><strong>Carla Comellini<\/strong> (PA. Letteratura Inglese, Responsabile Scientifico Centro Studi Canadesi &#8220;Alfredo Rizzardi&#8221;): <em>&#8220;Dal testo al film: The English Patient e Barney&#8217;s Version&#8221;<\/em>, <strong>11 ottobre 2012<\/strong>, Sala Convegni, D.L.L.S.M, ore 15-17<\/h4>\n<\/li>\n<li>\n<h4><strong>Laura Rizza<\/strong> (Dottore di ricerca in Letteratura Canadese): <em>&#8220;Notes to Belonging: Imposture diasporiche nell\u2019ambito culturale canadese&#8221;<\/em>, <strong>17 ottobre 2012<\/strong>, Sala Convegni, D.L.L.S.M, ore 9-11<\/h4>\n<\/li>\n<\/ul>\n<p>&nbsp;<\/p>\n","protected":false},"excerpt":{"rendered":"<p>GEORGE ELLIOTT CLARKE Mercoled\u00ec 19 settembre 2012, ore 17.00 Sala conferenze &#8211; DISMEC &#8211; Via Ariani 1, Ravenna. Il centro di Studi Canadesi &#8220;Alfredo Rizzardi&#8221; dell&#8217;Universit\u00e0 di Bologna, in collaborazione con la Facolt\u00e0 di Conservazione dei Beni Culturali \u00e8 lieto &hellip; <a href=\"http:\/\/www.lilec.it\/canada\/?page_id=343\">Continua a leggere<span class=\"meta-nav\">&rarr;<\/span><\/a><\/p>\n","protected":false},"author":101012,"featured_media":0,"parent":20,"menu_order":0,"comment_status":"closed","ping_status":"closed","template":"","meta":[],"_links":{"self":[{"href":"http:\/\/www.lilec.it\/canada\/index.php?rest_route=\/wp\/v2\/pages\/343"}],"collection":[{"href":"http:\/\/www.lilec.it\/canada\/index.php?rest_route=\/wp\/v2\/pages"}],"about":[{"href":"http:\/\/www.lilec.it\/canada\/index.php?rest_route=\/wp\/v2\/types\/page"}],"author":[{"embeddable":true,"href":"http:\/\/www.lilec.it\/canada\/index.php?rest_route=\/wp\/v2\/users\/101012"}],"replies":[{"embeddable":true,"href":"http:\/\/www.lilec.it\/canada\/index.php?rest_route=%2Fwp%2Fv2%2Fcomments&post=343"}],"version-history":[{"count":24,"href":"http:\/\/www.lilec.it\/canada\/index.php?rest_route=\/wp\/v2\/pages\/343\/revisions"}],"predecessor-version":[{"id":507,"href":"http:\/\/www.lilec.it\/canada\/index.php?rest_route=\/wp\/v2\/pages\/343\/revisions\/507"}],"up":[{"embeddable":true,"href":"http:\/\/www.lilec.it\/canada\/index.php?rest_route=\/wp\/v2\/pages\/20"}],"wp:attachment":[{"href":"http:\/\/www.lilec.it\/canada\/index.php?rest_route=%2Fwp%2Fv2%2Fmedia&parent=343"}],"curies":[{"name":"wp","href":"https:\/\/api.w.org\/{rel}","templated":true}]}}