{"id":1173,"date":"2016-12-13T15:04:14","date_gmt":"2016-12-13T14:04:14","guid":{"rendered":"http:\/\/www.lilec.it\/cisq\/?post_type=tribe_events&#038;p=1173"},"modified":"2016-12-13T15:04:14","modified_gmt":"2016-12-13T14:04:14","slug":"anne-trepanier-francophonies-canadiennes-presences-et-differences-le-parcours-accentue-de-la-langue-francaise-en-amerique-du-nord","status":"publish","type":"tribe_events","link":"http:\/\/www.lilec.it\/cisq\/event\/anne-trepanier-francophonies-canadiennes-presences-et-differences-le-parcours-accentue-de-la-langue-francaise-en-amerique-du-nord\/","title":{"rendered":"Anne Tr\u00e9panier, Francophonies canadiennes: pr\u00e9sences et diff\u00e9rences. Le parcours accentu\u00e9 de la langue fran\u00e7aise en Am\u00e9rique du Nord"},"content":{"rendered":"<p>Anne TR\u00c9PANIER, \u201cFrancophonies canadiennes: pr\u00e9sences et diff\u00e9rences. Le parcours accentu\u00e9 de la langue fran\u00e7aise en Am\u00e9rique du Nord\u201d, conferenza, Universit\u00e0 di Genova, 19 aprile 2016.<\/p>\n","protected":false},"excerpt":{"rendered":"<p> [&hellip;]<\/p>\n","protected":false},"author":101011,"featured_media":0,"template":"","meta":{"_tribe_events_status":"","_tribe_events_status_reason":"","footnotes":""},"tags":[],"tribe_events_cat":[],"class_list":["post-1173","tribe_events","type-tribe_events","status-publish","hentry"],"_links":{"self":[{"href":"http:\/\/www.lilec.it\/cisq\/wp-json\/wp\/v2\/tribe_events\/1173"}],"collection":[{"href":"http:\/\/www.lilec.it\/cisq\/wp-json\/wp\/v2\/tribe_events"}],"about":[{"href":"http:\/\/www.lilec.it\/cisq\/wp-json\/wp\/v2\/types\/tribe_events"}],"author":[{"embeddable":true,"href":"http:\/\/www.lilec.it\/cisq\/wp-json\/wp\/v2\/users\/101011"}],"version-history":[{"count":1,"href":"http:\/\/www.lilec.it\/cisq\/wp-json\/wp\/v2\/tribe_events\/1173\/revisions"}],"predecessor-version":[{"id":1174,"href":"http:\/\/www.lilec.it\/cisq\/wp-json\/wp\/v2\/tribe_events\/1173\/revisions\/1174"}],"wp:attachment":[{"href":"http:\/\/www.lilec.it\/cisq\/wp-json\/wp\/v2\/media?parent=1173"}],"wp:term":[{"taxonomy":"post_tag","embeddable":true,"href":"http:\/\/www.lilec.it\/cisq\/wp-json\/wp\/v2\/tags?post=1173"},{"taxonomy":"tribe_events_cat","embeddable":true,"href":"http:\/\/www.lilec.it\/cisq\/wp-json\/wp\/v2\/tribe_events_cat?post=1173"}],"curies":[{"name":"wp","href":"https:\/\/api.w.org\/{rel}","templated":true}]}}

Anne Trépanier, Francophonies canadiennes: présences et différences. Le parcours accentué de la langue française en Amérique du Nord

<p>Anne TRÉPANIER, “Francophonies canadiennes: présences et différences. Le parcours accentué de la langue française en Amérique du Nord”, conferenza, Università di Genova, 19 aprile 2016.</p>
