{"id":1193,"date":"2016-12-13T15:23:23","date_gmt":"2016-12-13T14:23:23","guid":{"rendered":"http:\/\/www.lilec.it\/cisq\/?post_type=tribe_events&#038;p=1193"},"modified":"2016-12-13T15:23:23","modified_gmt":"2016-12-13T14:23:23","slug":"rainier-grutman-vivre-pres-des-frontieres-le-montreal-imaginaire-de-yann-martel","status":"publish","type":"tribe_events","link":"http:\/\/www.lilec.it\/cisq\/event\/rainier-grutman-vivre-pres-des-frontieres-le-montreal-imaginaire-de-yann-martel\/","title":{"rendered":"Rainier Grutman, Vivre pr\u00e8s des fronti\u00e8res: le Montr\u00e9al imaginaire de Yann Martel"},"content":{"rendered":"<p>Rainier GRUTMAN, \u201cVivre pr\u00e8s des fronti\u00e8res: le Montr\u00e9al imaginaire de Yann Martel\u201d, conferenza, Universit\u00e0 di Bologna,\u00a013 ottobre 2015.<\/p>\n","protected":false},"excerpt":{"rendered":"<p> [&hellip;]<\/p>\n","protected":false},"author":101011,"featured_media":0,"template":"","meta":{"_tribe_events_status":"","_tribe_events_status_reason":"","footnotes":""},"tags":[],"tribe_events_cat":[],"class_list":["post-1193","tribe_events","type-tribe_events","status-publish","hentry"],"_links":{"self":[{"href":"http:\/\/www.lilec.it\/cisq\/wp-json\/wp\/v2\/tribe_events\/1193"}],"collection":[{"href":"http:\/\/www.lilec.it\/cisq\/wp-json\/wp\/v2\/tribe_events"}],"about":[{"href":"http:\/\/www.lilec.it\/cisq\/wp-json\/wp\/v2\/types\/tribe_events"}],"author":[{"embeddable":true,"href":"http:\/\/www.lilec.it\/cisq\/wp-json\/wp\/v2\/users\/101011"}],"version-history":[{"count":1,"href":"http:\/\/www.lilec.it\/cisq\/wp-json\/wp\/v2\/tribe_events\/1193\/revisions"}],"predecessor-version":[{"id":1194,"href":"http:\/\/www.lilec.it\/cisq\/wp-json\/wp\/v2\/tribe_events\/1193\/revisions\/1194"}],"wp:attachment":[{"href":"http:\/\/www.lilec.it\/cisq\/wp-json\/wp\/v2\/media?parent=1193"}],"wp:term":[{"taxonomy":"post_tag","embeddable":true,"href":"http:\/\/www.lilec.it\/cisq\/wp-json\/wp\/v2\/tags?post=1193"},{"taxonomy":"tribe_events_cat","embeddable":true,"href":"http:\/\/www.lilec.it\/cisq\/wp-json\/wp\/v2\/tribe_events_cat?post=1193"}],"curies":[{"name":"wp","href":"https:\/\/api.w.org\/{rel}","templated":true}]}}

Rainier Grutman, Vivre près des frontières: le Montréal imaginaire de Yann Martel

<p>Rainier GRUTMAN, “Vivre près des frontières: le Montréal imaginaire de Yann Martel”, conferenza, Università di Bologna, 13 ottobre 2015.</p>
