{"id":1200,"date":"2016-12-13T15:40:44","date_gmt":"2016-12-13T14:40:44","guid":{"rendered":"http:\/\/www.lilec.it\/cisq\/?post_type=tribe_events&#038;p=1200"},"modified":"2016-12-13T15:40:44","modified_gmt":"2016-12-13T14:40:44","slug":"paola-puccini-les-intellectuels-quebecois-face-au-conflit-linguistique-de-michele-lalonde-a-marco-micone","status":"publish","type":"tribe_events","link":"http:\/\/www.lilec.it\/cisq\/event\/paola-puccini-les-intellectuels-quebecois-face-au-conflit-linguistique-de-michele-lalonde-a-marco-micone\/","title":{"rendered":"Paola Puccini, Les intellectuels qu\u00e9b\u00e9cois face au conflit linguistique: de Mich\u00e8le Lalonde \u00e0 Marco Micone"},"content":{"rendered":"<p>Paola PUCCINI, \u00abLes intellectuels qu\u00e9b\u00e9cois face au conflit linguistique: de Mich\u00e8le Lalonde \u00e0 Marco Micone\u00bb, conferenza, Universit\u00e0 di Bologna, 12 aprile 2016.<\/p>\n","protected":false},"excerpt":{"rendered":"<p> [&hellip;]<\/p>\n","protected":false},"author":101011,"featured_media":1203,"template":"","meta":{"_tribe_events_status":"","_tribe_events_status_reason":"","footnotes":""},"tags":[],"tribe_events_cat":[],"class_list":["post-1200","tribe_events","type-tribe_events","status-publish","has-post-thumbnail","hentry"],"_links":{"self":[{"href":"http:\/\/www.lilec.it\/cisq\/wp-json\/wp\/v2\/tribe_events\/1200"}],"collection":[{"href":"http:\/\/www.lilec.it\/cisq\/wp-json\/wp\/v2\/tribe_events"}],"about":[{"href":"http:\/\/www.lilec.it\/cisq\/wp-json\/wp\/v2\/types\/tribe_events"}],"author":[{"embeddable":true,"href":"http:\/\/www.lilec.it\/cisq\/wp-json\/wp\/v2\/users\/101011"}],"version-history":[{"count":1,"href":"http:\/\/www.lilec.it\/cisq\/wp-json\/wp\/v2\/tribe_events\/1200\/revisions"}],"predecessor-version":[{"id":1204,"href":"http:\/\/www.lilec.it\/cisq\/wp-json\/wp\/v2\/tribe_events\/1200\/revisions\/1204"}],"wp:featuredmedia":[{"embeddable":true,"href":"http:\/\/www.lilec.it\/cisq\/wp-json\/wp\/v2\/media\/1203"}],"wp:attachment":[{"href":"http:\/\/www.lilec.it\/cisq\/wp-json\/wp\/v2\/media?parent=1200"}],"wp:term":[{"taxonomy":"post_tag","embeddable":true,"href":"http:\/\/www.lilec.it\/cisq\/wp-json\/wp\/v2\/tags?post=1200"},{"taxonomy":"tribe_events_cat","embeddable":true,"href":"http:\/\/www.lilec.it\/cisq\/wp-json\/wp\/v2\/tribe_events_cat?post=1200"}],"curies":[{"name":"wp","href":"https:\/\/api.w.org\/{rel}","templated":true}]}}

Paola Puccini, Les intellectuels québécois face au conflit linguistique: de Michèle Lalonde à Marco Micone

<p>Paola PUCCINI, «Les intellectuels québécois face au conflit linguistique: de Michèle Lalonde à Marco Micone», conferenza, Università di Bologna, 12 aprile 2016.</p>
