{"id":1499,"date":"2020-01-27T12:32:26","date_gmt":"2020-01-27T11:32:26","guid":{"rendered":"http:\/\/www.lilec.it\/cisq\/?post_type=tribe_events&#038;p=1499"},"modified":"2020-01-27T12:32:26","modified_gmt":"2020-01-27T11:32:26","slug":"first-ever-european-summer-school-in-canadian-studies-to-be-held-in-austria","status":"publish","type":"tribe_events","link":"http:\/\/www.lilec.it\/cisq\/event\/first-ever-european-summer-school-in-canadian-studies-to-be-held-in-austria\/","title":{"rendered":"First Ever European Summer School in Canadian Studies to be held in Austria"},"content":{"rendered":"<blockquote>\n<div>\n<div>\n<div>\n<div>\n<div>\n<div>\n<div>\n<div><a href=\"http:\/\/www.lilec.it\/cisq\/wp\/wp-content\/uploads\/2020\/01\/image001.png\"><img decoding=\"async\" class=\"alignnone size-full wp-image-1495\" src=\"http:\/\/www.lilec.it\/cisq\/wp\/wp-content\/uploads\/2020\/01\/image001.png\" alt=\"\" width=\"248\" height=\"133\" srcset=\"http:\/\/www.lilec.it\/cisq\/wp\/wp-content\/uploads\/2020\/01\/image001-200x107.png 200w, http:\/\/www.lilec.it\/cisq\/wp\/wp-content\/uploads\/2020\/01\/image001.png 248w\" sizes=\"(max-width: 248px) 100vw, 248px\" \/><\/a><\/div>\n<div><\/div>\n<div><\/div>\n<div>The Canadian Studies Centres of the Universities of Innsbruck and Vienna are organising the first\u00a0<b>European Summer School in Canadian Studies<\/b>, which will take place in Vienna (first week) and in Innsbruck (second week) from 29 June to 10 July 2020.<\/div>\n<div>\u00b7\u00a0\u00a0\u00a0\u00a0\u00a0\u00a0\u00a0\u00a0The ESSCS is intended for\u00a0<b>Master (BA studies completed) and doctoral students<\/b>. The teaching staff are highly renowned specialists from Canada, Germany, and Austria representing the following disciplines: literary (English and French) and cultural studies, indigenous studies, media studies, language policy, history, cultural geography, political science and economics, intersectional and gender studies, mountain studies.<\/div>\n<div>\n<div>\u00b7\u00a0\u00a0\u00a0\u00a0\u00a0\u00a0\u00a0\u00a0The course fees of\u00a0<b>EUR 500<\/b>\u00a0include a two weeks lecture program, an electronic reader, two reading sessions with a Canadian and a Quebec author, the train transfer from Vienna to Innsbruck, three guided city tours (Vienna, Salzburg, and Innsbruck), the bus transfer and a two days stay (room and meals included) in the Obergurgl Research Center of the University of Innsbruck at an altitude of 1940\u00b0m (cf.\u00a0<span lang=\"de\"><a href=\"https:\/\/exchange.uibk.ac.at\/owa\/redir.aspx?C=rvBqGJt168ZTLPbIajYuEhlq89wI0X29BoFimdPS7Uk1VOFL5XvXCA..&amp;URL=https%3a%2f%2fwww.uz-obergurgl.at%2fenglish%2f\" target=\"_blank\" rel=\"noopener noreferrer\" data-auth=\"NotApplicable\"><span lang=\"en-CA\">https:\/\/www.uz-obergurgl.at\/english\/<\/span><\/a><\/span>), an excursion and the farewell dinner.<\/div>\n<\/div>\n<ul type=\"disc\">\n<li><b>Credits:<\/b>\u00a05 ECTS (6 ECTS possible when doing an additional task)<\/li>\n<\/ul>\n<div>\u00b7\u00a0\u00a0\u00a0\u00a0\u00a0\u00a0\u00a0\u00a0The number of participants is limited. The registration deadline is\u00a0<b>29 February 2020<\/b>.<\/div>\n<div><\/div>\n<div>For further information concerning the program, accommodation, possible scholarships and the teaching concept cf.\u00a0<span lang=\"de-AT\"><a href=\"https:\/\/exchange.uibk.ac.at\/owa\/redir.aspx?C=tOpuRv83GDbBHD-tNVoAoiM6Jevt60vksb6287h57EQ1VOFL5XvXCA..&amp;URL=https%3a%2f%2fcanada.univie.ac.at%2fesscs-2020%2f\" target=\"_blank\" rel=\"noopener noreferrer\" data-auth=\"NotApplicable\"><span lang=\"en-CA\">https:\/\/canada.univie.ac.at\/esscs-2020\/<\/span><\/a><\/span>.<\/div>\n<div>Contact address:\u00a0<a href=\"mailto:canadian-summer-school@uibk.ac.at\" target=\"_blank\" rel=\"noopener noreferrer\" data-auth=\"NotApplicable\">canadian-summer-school@uibk.ac.at<\/a><\/div>\n<div><\/div>\n<div align=\"center\">\n<hr align=\"center\" size=\"1\" width=\"100%\" \/>\n<\/div>\n<div><\/div>\n<div>Les Centres d\u2019\u00e9tudes canadiennes des universit\u00e9s d\u2019Innsbruck et de Vienne organisent une premi\u00e8re\u00a0<b>Universit\u00e9 d\u2019\u00e9t\u00e9 europ\u00e9enne en \u00e9tudes canadiennes<\/b>\u00a0qui aura lieu \u00e0 Vienne (premi\u00e8re semaine) et \u00e0 Innsbruck (deuxi\u00e8me semaine) du 29 juin au 10 juillet 2020.<\/div>\n<div><\/div>\n<div>\u00b7\u00a0\u00a0\u00a0\u00a0\u00a0\u00a0\u00a0\u00a0L\u2019ESSCS s\u2019adresse \u00e0 des\u00a0<b>\u00e9tudiants de Master (BA requis) et aux doctorants<\/b>. Les enseignants sont des sp\u00e9cialistes renomm\u00e9s en provenance du Canada, de l\u2019Allemagne et de l\u2019Autriche, repr\u00e9sentant\u00a0<b>les disciplines suivantes<\/b>\u00b0: la litt\u00e9rature (en anglais et en fran\u00e7ais), les \u00e9tudes culturelles, les \u00e9tudes indig\u00e8nes, les \u00e9tudes de media, la politique linguistique, l&#8217;histoire, la g\u00e9ographie culturelle, les sciences politiques et \u00e9conomiques, l&#8217;intersectionnalit\u00e9 et les \u00e9tudes de genre,\u00a0les \u00e9tudes de la montagne.<\/div>\n<div>\u00b7\u00a0\u00a0\u00a0\u00a0\u00a0\u00a0\u00a0\u00a0Dans les frais de cours de\u00a0<b>EUR 500<\/b>\u00a0sont inclus\u00b0: deux semaines d\u2019enseignement, un dossier de lecture \u00e9lectronique, deux rencontres avec des \u00e9crivaines canadienne et qu\u00e9b\u00e9coise, le trajet (train) de Vienne \u00e0 Innsbruck, trois visites guid\u00e9es (Vienne, Salzburg et Innsbruck), le transfert (en autocar) et un s\u00e9jour de deux jours (logement et repas inclus) dans le Centre de recherche Obergurgl de l\u2019Universit\u00e9 d\u2019Innsbruck situ\u00e9 \u00e0 une altitude de 1940 m (cf.\u00a0<span lang=\"de-AT\"><a href=\"https:\/\/exchange.uibk.ac.at\/owa\/redir.aspx?C=rvBqGJt168ZTLPbIajYuEhlq89wI0X29BoFimdPS7Uk1VOFL5XvXCA..&amp;URL=https%3a%2f%2fwww.uz-obergurgl.at%2fenglish%2f\" target=\"_blank\" rel=\"noopener noreferrer\" data-auth=\"NotApplicable\"><span lang=\"fr\">https:\/\/www.uz-obergurgl.at\/english\/<\/span><\/a><\/span>) ainsi qu\u2019une excursion et le repas de cl\u00f4ture.<\/div>\n<ul type=\"disc\">\n<li><b>Cr\u00e9dits:<\/b>\u00a05 ECTS (au besoin, 6 ECTS, en accomplissant une t\u00e2che compl\u00e9mentaire)<\/li>\n<\/ul>\n<div>\u00b7\u00a0\u00a0\u00a0\u00a0\u00a0\u00a0\u00a0\u00a0Le nombre de places disponibles est limit\u00e9. Les \u00e9tudiants doivent s\u2019inscrire avant le<b>\u00a0<\/b><b>29 f\u00e9vrier 2020.<\/b><\/div>\n<div><\/div>\n<div>Pour des informations plus d\u00e9taill\u00e9es sur le programme, le logement, les bourses disponibles et le concept d\u2019enseignement, cf.\u00a0<span lang=\"de-AT\"><a href=\"https:\/\/exchange.uibk.ac.at\/owa\/redir.aspx?C=tOpuRv83GDbBHD-tNVoAoiM6Jevt60vksb6287h57EQ1VOFL5XvXCA..&amp;URL=https%3a%2f%2fcanada.univie.ac.at%2fesscs-2020%2f\" target=\"_blank\" rel=\"noopener noreferrer\" data-auth=\"NotApplicable\"><span lang=\"fr\">https:\/\/canada.univie.ac.at\/esscs-2020\/<\/span><\/a><\/span>.<\/div>\n<div>Adresse de contact\u00a0:\u00a0<a href=\"mailto:canadian-summer-school@uibk.ac.at\" target=\"_blank\" rel=\"noopener noreferrer\" data-auth=\"NotApplicable\">canadian-summer-school@uibk.ac.at<\/a><\/div>\n<\/div>\n<\/div>\n<\/div>\n<\/div>\n<\/div>\n<\/div>\n<\/div>\n<\/blockquote>\n","protected":false},"excerpt":{"rendered":"<p> [&hellip;]<\/p>\n","protected":false},"author":101016,"featured_media":0,"template":"","meta":{"_tribe_events_status":"","_tribe_events_status_reason":"","footnotes":""},"tags":[],"tribe_events_cat":[],"class_list":["post-1499","tribe_events","type-tribe_events","status-publish","hentry"],"_links":{"self":[{"href":"http:\/\/www.lilec.it\/cisq\/wp-json\/wp\/v2\/tribe_events\/1499"}],"collection":[{"href":"http:\/\/www.lilec.it\/cisq\/wp-json\/wp\/v2\/tribe_events"}],"about":[{"href":"http:\/\/www.lilec.it\/cisq\/wp-json\/wp\/v2\/types\/tribe_events"}],"author":[{"embeddable":true,"href":"http:\/\/www.lilec.it\/cisq\/wp-json\/wp\/v2\/users\/101016"}],"version-history":[{"count":1,"href":"http:\/\/www.lilec.it\/cisq\/wp-json\/wp\/v2\/tribe_events\/1499\/revisions"}],"predecessor-version":[{"id":1500,"href":"http:\/\/www.lilec.it\/cisq\/wp-json\/wp\/v2\/tribe_events\/1499\/revisions\/1500"}],"wp:attachment":[{"href":"http:\/\/www.lilec.it\/cisq\/wp-json\/wp\/v2\/media?parent=1499"}],"wp:term":[{"taxonomy":"post_tag","embeddable":true,"href":"http:\/\/www.lilec.it\/cisq\/wp-json\/wp\/v2\/tags?post=1499"},{"taxonomy":"tribe_events_cat","embeddable":true,"href":"http:\/\/www.lilec.it\/cisq\/wp-json\/wp\/v2\/tribe_events_cat?post=1499"}],"curies":[{"name":"wp","href":"https:\/\/api.w.org\/{rel}","templated":true}]}}

<blockquote>
<div>
<div>
<div>
<div>
<div>
<div>
<div>
<div><a href="http://www.lilec.it/cisq/wp/wp-content/uploads/2020/01/image001.png"><img decoding="async" class="alignnone size-full wp-image-1495" src="http://www.lilec.it/cisq/wp/wp-content/uploads/2020/01/image001.png" alt="" width="248" height="133" srcset="http://www.lilec.it/cisq/wp/wp-content/uploads/2020/01/image001-200x107.png 200w, http://www.lilec.it/cisq/wp/wp-content/uploads/2020/01/image001.png 248w" sizes="(max-width: 248px) 100vw, 248px" /></a></div>
<div></div>
<div></div>
<div>The Canadian Studies Centres of the Universities of Innsbruck and Vienna are organising the first <b>European Summer School in Canadian Studies</b>, which will take place in Vienna (first week) and in Innsbruck (second week) from 29 June to 10 July 2020.</div>
<div>·        The ESSCS is intended for <b>Master (BA studies completed) and doctoral students</b>. The teaching staff are highly renowned specialists from Canada, Germany, and Austria representing the following disciplines: literary (English and French) and cultural studies, indigenous studies, media studies, language policy, history, cultural geography, political science and economics, intersectional and gender studies, mountain studies.</div>
<div>
<div>·        The course fees of <b>EUR 500</b> include a two weeks lecture program, an electronic reader, two reading sessions with a Canadian and a Quebec author, the train transfer from Vienna to Innsbruck, three guided city tours (Vienna, Salzburg, and Innsbruck), the bus transfer and a two days stay (room and meals included) in the Obergurgl Research Center of the University of Innsbruck at an altitude of 1940°m (cf. <span lang="de"><a href="https://exchange.uibk.ac.at/owa/redir.aspx?C=rvBqGJt168ZTLPbIajYuEhlq89wI0X29BoFimdPS7Uk1VOFL5XvXCA..&amp;URL=https%3a%2f%2fwww.uz-obergurgl.at%2fenglish%2f" target="_blank" rel="noopener noreferrer" data-auth="NotApplicable"><span lang="en-CA">https://www.uz-obergurgl.at/english/</span></a></span>), an excursion and the farewell dinner.</div>
</div>
<ul type="disc">
<li><b>Credits:</b> 5 ECTS (6 ECTS possible when doing an additional task)</li>
</ul>
<div>·        The number of participants is limited. The registration deadline is <b>29 February 2020</b>.</div>
<div></div>
<div>For further information concerning the program, accommodation, possible scholarships and the teaching concept cf. <span lang="de-AT"><a href="https://exchange.uibk.ac.at/owa/redir.aspx?C=tOpuRv83GDbBHD-tNVoAoiM6Jevt60vksb6287h57EQ1VOFL5XvXCA..&amp;URL=https%3a%2f%2fcanada.univie.ac.at%2fesscs-2020%2f" target="_blank" rel="noopener noreferrer" data-auth="NotApplicable"><span lang="en-CA">https://canada.univie.ac.at/esscs-2020/</span></a></span>.</div>
<div>Contact address: <a href="mailto:canadian-summer-school@uibk.ac.at" target="_blank" rel="noopener noreferrer" data-auth="NotApplicable">canadian-summer-school@uibk.ac.at</a></div>
<div></div>
<div align="center">
<hr align="center" size="1" width="100%" />
</div>
<div></div>
<div>Les Centres d’études canadiennes des universités d’Innsbruck et de Vienne organisent une première <b>Université d’été européenne en études canadiennes</b> qui aura lieu à Vienne (première semaine) et à Innsbruck (deuxième semaine) du 29 juin au 10 juillet 2020.</div>
<div></div>
<div>·        L’ESSCS s’adresse à des <b>étudiants de Master (BA requis) et aux doctorants</b>. Les enseignants sont des spécialistes renommés en provenance du Canada, de l’Allemagne et de l’Autriche, représentant <b>les disciplines suivantes</b>°: la littérature (en anglais et en français), les études culturelles, les études indigènes, les études de media, la politique linguistique, l&#8217;histoire, la géographie culturelle, les sciences politiques et économiques, l&#8217;intersectionnalité et les études de genre, les études de la montagne.</div>
<div>·        Dans les frais de cours de <b>EUR 500</b> sont inclus°: deux semaines d’enseignement, un dossier de lecture électronique, deux rencontres avec des écrivaines canadienne et québécoise, le trajet (train) de Vienne à Innsbruck, trois visites guidées (Vienne, Salzburg et Innsbruck), le transfert (en autocar) et un séjour de deux jours (logement et repas inclus) dans le Centre de recherche Obergurgl de l’Université d’Innsbruck situé à une altitude de 1940 m (cf. <span lang="de-AT"><a href="https://exchange.uibk.ac.at/owa/redir.aspx?C=rvBqGJt168ZTLPbIajYuEhlq89wI0X29BoFimdPS7Uk1VOFL5XvXCA..&amp;URL=https%3a%2f%2fwww.uz-obergurgl.at%2fenglish%2f" target="_blank" rel="noopener noreferrer" data-auth="NotApplicable"><span lang="fr">https://www.uz-obergurgl.at/english/</span></a></span>) ainsi qu’une excursion et le repas de clôture.</div>
<ul type="disc">
<li><b>Crédits:</b> 5 ECTS (au besoin, 6 ECTS, en accomplissant une tâche complémentaire)</li>
</ul>
<div>·        Le nombre de places disponibles est limité. Les étudiants doivent s’inscrire avant le<b> </b><b>29 février 2020.</b></div>
<div></div>
<div>Pour des informations plus détaillées sur le programme, le logement, les bourses disponibles et le concept d’enseignement, cf. <span lang="de-AT"><a href="https://exchange.uibk.ac.at/owa/redir.aspx?C=tOpuRv83GDbBHD-tNVoAoiM6Jevt60vksb6287h57EQ1VOFL5XvXCA..&amp;URL=https%3a%2f%2fcanada.univie.ac.at%2fesscs-2020%2f" target="_blank" rel="noopener noreferrer" data-auth="NotApplicable"><span lang="fr">https://canada.univie.ac.at/esscs-2020/</span></a></span>.</div>
<div>Adresse de contact : <a href="mailto:canadian-summer-school@uibk.ac.at" target="_blank" rel="noopener noreferrer" data-auth="NotApplicable">canadian-summer-school@uibk.ac.at</a></div>
</div>
</div>
</div>
</div>
</div>
</div>
</div>
</blockquote>
