{"id":1512,"date":"2020-06-26T15:53:56","date_gmt":"2020-06-26T13:53:56","guid":{"rendered":"http:\/\/www.lilec.it\/cisq\/?post_type=tribe_events&#038;p=1512"},"modified":"2020-06-26T15:53:56","modified_gmt":"2020-06-26T13:53:56","slug":"appel-a-articles-bilan-de-la-jeune-recherche-sur-le-canada-en-europe","status":"publish","type":"tribe_events","link":"http:\/\/www.lilec.it\/cisq\/event\/appel-a-articles-bilan-de-la-jeune-recherche-sur-le-canada-en-europe\/","title":{"rendered":"Appel \u00e0 articles \u2013 Bilan de la jeune recherche sur le Canada en Europe"},"content":{"rendered":"<p class=\"p1\">(Scroll down for English version)<\/p>\n<p>Appel \u00e0 articles \u2013 Bilan de la jeune recherche sur le Canada en Europe<\/p>\n<p>\u00c9tudes Canadiennes \/ Canadian Studies, N\u00b090, juin 2021<\/p>\n<p>http:\/\/journals.openedition.org\/eccs\/<\/p>\n<p class=\"p1\">La revue \u00c9tudes Canadiennes\/Canadian Studies (revue bilingue et bi-annuelle) a le plaisir d\u2019annoncer un num\u00e9ro bilan sur la jeune recherche en Europe sur le Canada. Ce num\u00e9ro s\u2019adresse aux jeunes chercheurs de tous les champs disciplinaires des sciences humaines : histoire, histoire de l\u2019art, sociologie, g\u00e9ographie, ethnologie, \u00e9tudes autochtones, litt\u00e9rature, droit, sciences politiques, etc\u2026. en cours de doctorat ou r\u00e9cemment dipl\u00f4m\u00e9s, qui consacrent l\u2019int\u00e9gralit\u00e9 ou une large partie de leur travail \u00e0 l\u2019\u00e9tude du Canada.<\/p>\n<p class=\"p1\">Le num\u00e9ro sera l\u2019occasion pour eux de pr\u00e9senter les nouvelles th\u00e9matiques, probl\u00e9matiques, m\u00e9thodes de recherche et concepts qui \u00e9mergent aujourd\u2019hui au sein des \u00e9tudes canadiennes en Europe.<\/p>\n<p class=\"p1\">Les propositions d\u2019articles (250 \u00e0 300 mots) contenant un titre et un r\u00e9sum\u00e9 d\u00e9crivant l\u2019objectif de l\u2019article, et incluant une courte biographie (100 mots maximum) doivent \u00eatre envoy\u00e9es en format Word \u00e0 la r\u00e9dactrice en chef de la revue, Laurence Cros : <span class=\"s1\">laurence.cros@u-paris.fr<\/span><\/p>\n<p class=\"p1\">La date limite pour la r\u00e9ception des propositions est le 1<span class=\"s2\">er <\/span>octobre 2020. Le comit\u00e9 de r\u00e9daction confirmera rapidement leur pr\u00e9-selection aux auteurs. Les articles complets (d\u2019environ 8000 mots) devront \u00eatre envoy\u00e9s pour le 1<span class=\"s2\">er <\/span>janvier 2021. Ils seront soumis \u00e0 la lecture \u00e0 l\u2019aveugle de deux experts. Les textes retenus para\u00eetront en version papier dans le N\u00b090 (juin 2021), puis un an plus <span class=\"s3\">tard en libre acc\u00e8s sur <\/span>http:\/\/journals.openedition.org\/eccs\/<\/p>\n<p class=\"p1\">*************************<\/p>\n<p class=\"p1\">Call for papers \u2013 The state of early career research on Canada in Europe<\/p>\n<p class=\"p1\">\u00c9tudes Canadiennes \/ Canadian Studies 90, June 2021<\/p>\n<p class=\"p2\">http:\/\/journals.openedition.org\/eccs\/<\/p>\n<p class=\"p1\">The journal \u00c9tudes Canadiennes\/Canadian Studies (bilingual, biannual issues) is pleased to announce a special issue to take stock of the present state of early career research on Canada in Europe. This issue will be dedicated to young scholars from the humanities (history, art history, sociology, native studies, geography, ethnology, literature, law, political science etc\u2026) that are currently working on their doctoral degree or have recently completed it, whose research focuses on Canada or includes a major Canadian dimension.<\/p>\n<p class=\"p1\">This special issue will be an opportunity to present the new themes, questions, methods and concepts that arise within the field of Canadian studies in Europe.<\/p>\n<p class=\"p1\">The single document (Word format), sent to the journal\u2019s editor-in-chief, Dr. Laurence Cros<span class=\"s3\">(<\/span>laurence.cros@u-paris.fr<span class=\"s3\">) should contain:<\/span><\/p>\n<ul style=\"list-style-type: disc;\">\n<li>a working title and an abstract (250 to 300 words)<\/li>\n<li class=\"p1\">a brief biography (no more than 100 words)<\/li>\n<\/ul>\n<p class=\"p1\">The deadline for submission is <span class=\"s4\">October 1, 2020. Notification of decisions <\/span>will follow shortly afterwards. Full articles (about 8,000 words) will need to be submitted by January 1, 2021. After a double peer-review process, selected articles will be published in printed form in issue 90 (June 2021) of \u00c9tudes Canadiennes\/Canadian Studies, followed by an electronic publication (open <span class=\"s3\">access) one year later on <\/span>http:\/\/journals.openedition.org\/eccs\/<\/p>\n<p class=\"p1\">Appel \u00e0 articles \u00c9tudes Canadiennes \/ Canadian Studies, N\u00b090, juin 2021: Bilan de la jeune recherche doctorale en Europe sur le Canada<\/p>\n<p class=\"p1\">The state of early career research on Canada in Europe<\/p>\n","protected":false},"excerpt":{"rendered":"<p> [&hellip;]<\/p>\n","protected":false},"author":101015,"featured_media":0,"template":"","meta":{"_tribe_events_status":"","_tribe_events_status_reason":"","footnotes":""},"tags":[],"tribe_events_cat":[],"class_list":["post-1512","tribe_events","type-tribe_events","status-publish","hentry"],"_links":{"self":[{"href":"http:\/\/www.lilec.it\/cisq\/wp-json\/wp\/v2\/tribe_events\/1512"}],"collection":[{"href":"http:\/\/www.lilec.it\/cisq\/wp-json\/wp\/v2\/tribe_events"}],"about":[{"href":"http:\/\/www.lilec.it\/cisq\/wp-json\/wp\/v2\/types\/tribe_events"}],"author":[{"embeddable":true,"href":"http:\/\/www.lilec.it\/cisq\/wp-json\/wp\/v2\/users\/101015"}],"version-history":[{"count":1,"href":"http:\/\/www.lilec.it\/cisq\/wp-json\/wp\/v2\/tribe_events\/1512\/revisions"}],"predecessor-version":[{"id":1513,"href":"http:\/\/www.lilec.it\/cisq\/wp-json\/wp\/v2\/tribe_events\/1512\/revisions\/1513"}],"wp:attachment":[{"href":"http:\/\/www.lilec.it\/cisq\/wp-json\/wp\/v2\/media?parent=1512"}],"wp:term":[{"taxonomy":"post_tag","embeddable":true,"href":"http:\/\/www.lilec.it\/cisq\/wp-json\/wp\/v2\/tags?post=1512"},{"taxonomy":"tribe_events_cat","embeddable":true,"href":"http:\/\/www.lilec.it\/cisq\/wp-json\/wp\/v2\/tribe_events_cat?post=1512"}],"curies":[{"name":"wp","href":"https:\/\/api.w.org\/{rel}","templated":true}]}}

Appel à articles – Bilan de la jeune recherche sur le Canada en Europe

<p class="p1">(Scroll down for English version)</p>
<p>Appel à articles – Bilan de la jeune recherche sur le Canada en Europe</p>
<p>Études Canadiennes / Canadian Studies, N°90, juin 2021</p>
<p>http://journals.openedition.org/eccs/</p>
<p class="p1">La revue Études Canadiennes/Canadian Studies (revue bilingue et bi-annuelle) a le plaisir d’annoncer un numéro bilan sur la jeune recherche en Europe sur le Canada. Ce numéro s’adresse aux jeunes chercheurs de tous les champs disciplinaires des sciences humaines : histoire, histoire de l’art, sociologie, géographie, ethnologie, études autochtones, littérature, droit, sciences politiques, etc…. en cours de doctorat ou récemment diplômés, qui consacrent l’intégralité ou une large partie de leur travail à l’étude du Canada.</p>
<p class="p1">Le numéro sera l’occasion pour eux de présenter les nouvelles thématiques, problématiques, méthodes de recherche et concepts qui émergent aujourd’hui au sein des études canadiennes en Europe.</p>
<p class="p1">Les propositions d’articles (250 à 300 mots) contenant un titre et un résumé décrivant l’objectif de l’article, et incluant une courte biographie (100 mots maximum) doivent être envoyées en format Word à la rédactrice en chef de la revue, Laurence Cros : <span class="s1">laurence.cros@u-paris.fr</span></p>
<p class="p1">La date limite pour la réception des propositions est le 1<span class="s2">er </span>octobre 2020. Le comité de rédaction confirmera rapidement leur pré-selection aux auteurs. Les articles complets (d’environ 8000 mots) devront être envoyés pour le 1<span class="s2">er </span>janvier 2021. Ils seront soumis à la lecture à l’aveugle de deux experts. Les textes retenus paraîtront en version papier dans le N°90 (juin 2021), puis un an plus <span class="s3">tard en libre accès sur </span>http://journals.openedition.org/eccs/</p>
<p class="p1">*************************</p>
<p class="p1">Call for papers – The state of early career research on Canada in Europe</p>
<p class="p1">Études Canadiennes / Canadian Studies 90, June 2021</p>
<p class="p2">http://journals.openedition.org/eccs/</p>
<p class="p1">The journal Études Canadiennes/Canadian Studies (bilingual, biannual issues) is pleased to announce a special issue to take stock of the present state of early career research on Canada in Europe. This issue will be dedicated to young scholars from the humanities (history, art history, sociology, native studies, geography, ethnology, literature, law, political science etc…) that are currently working on their doctoral degree or have recently completed it, whose research focuses on Canada or includes a major Canadian dimension.</p>
<p class="p1">This special issue will be an opportunity to present the new themes, questions, methods and concepts that arise within the field of Canadian studies in Europe.</p>
<p class="p1">The single document (Word format), sent to the journal’s editor-in-chief, Dr. Laurence Cros<span class="s3">(</span>laurence.cros@u-paris.fr<span class="s3">) should contain:</span></p>
<ul style="list-style-type: disc;">
<li>a working title and an abstract (250 to 300 words)</li>
<li class="p1">a brief biography (no more than 100 words)</li>
</ul>
<p class="p1">The deadline for submission is <span class="s4">October 1, 2020. Notification of decisions </span>will follow shortly afterwards. Full articles (about 8,000 words) will need to be submitted by January 1, 2021. After a double peer-review process, selected articles will be published in printed form in issue 90 (June 2021) of Études Canadiennes/Canadian Studies, followed by an electronic publication (open <span class="s3">access) one year later on </span>http://journals.openedition.org/eccs/</p>
<p class="p1">Appel à articles Études Canadiennes / Canadian Studies, N°90, juin 2021: Bilan de la jeune recherche doctorale en Europe sur le Canada</p>
<p class="p1">The state of early career research on Canada in Europe</p>
