{"id":301,"date":"2017-03-08T15:00:59","date_gmt":"2017-03-08T14:00:59","guid":{"rendered":"http:\/\/www.lilec.it\/francofonia\/?page_id=301"},"modified":"2017-03-09T10:19:10","modified_gmt":"2017-03-09T09:19:10","slug":"indexation-indicizzazione","status":"publish","type":"page","link":"http:\/\/www.lilec.it\/francofonia\/indexation-indicizzazione\/","title":{"rendered":"Indexation \/ Indicizzazione"},"content":{"rendered":"<p><div class=\"fusion-fullwidth fullwidth-box fusion-builder-row-1 nonhundred-percent-fullwidth non-hundred-percent-height-scrolling\" style=\"--awb-border-radius-top-left:0px;--awb-border-radius-top-right:0px;--awb-border-radius-bottom-right:0px;--awb-border-radius-bottom-left:0px;--awb-padding-top:20px;--awb-padding-bottom:20px;--awb-flex-wrap:wrap;\" ><div class=\"fusion-builder-row fusion-row\"><div class=\"fusion-layout-column fusion_builder_column fusion-builder-column-0 fusion_builder_column_1_2 1_2 fusion-one-half fusion-column-first\" style=\"--awb-bg-size:cover;width:50%;width:calc(50% - ( ( 4% ) * 0.5 ) );margin-right: 4%;\"><div class=\"fusion-column-wrapper fusion-flex-column-wrapper-legacy\"><div class=\"fusion-text fusion-text-1\"><p><img decoding=\"async\" class=\"\" src=\"http:\/\/www.educare.it\/j\/images\/anvur-miur-2013.jpg\" width=\"130\" height=\"152\" \/><\/p>\n<p><em>Francofonia<\/em>\u00a0est class\u00e9e par l&#8217;Anvur (Agenzia Nazionale di Valutazione del Sistema Universitario e della Ricerca) dans la cat\u00e9gorie A pour\u00a0les secteurs scientifiques et disciplinaires:\u00a010\/E1; 10\/H1; 10\/L1; 10\/M1.<\/p>\n<p>&#8220;Francofonia&#8221; est classificata dall&#8217;Anvur (Agenzia Nazionale di Valutazione del Sistema Universitario e della Ricerca) in fascia A per i settori scientifico-disciplinari: 10\/E1; 10\/H1; 10\/L1; 10\/M1.<\/p>\n<\/div><div class=\"fusion-clearfix\"><\/div><\/div><\/div><div class=\"fusion-layout-column fusion_builder_column fusion-builder-column-1 fusion_builder_column_1_2 1_2 fusion-one-half fusion-column-last\" style=\"--awb-bg-size:cover;width:50%;width:calc(50% - ( ( 4% ) * 0.5 ) );\"><div class=\"fusion-column-wrapper fusion-flex-column-wrapper-legacy\"><div class=\"fusion-text fusion-text-2\"><p><em>Francofonia\u00a0<\/em>est index\u00e9e sur \/ &#8220;Francofonia&#8221; \u00e8 indicizzata su<\/p>\n<p><img decoding=\"async\" class=\"alignnone size-medium wp-image-576\" src=\"http:\/\/www.lilec.it\/francofonia\/wp\/wp-content\/uploads\/2017\/02\/web_science-300x78.png\" alt=\"\" width=\"300\" height=\"78\" srcset=\"http:\/\/www.lilec.it\/francofonia\/wp\/wp-content\/uploads\/2017\/02\/web_science-200x52.png 200w, http:\/\/www.lilec.it\/francofonia\/wp\/wp-content\/uploads\/2017\/02\/web_science-300x78.png 300w, http:\/\/www.lilec.it\/francofonia\/wp\/wp-content\/uploads\/2017\/02\/web_science-400x104.png 400w, http:\/\/www.lilec.it\/francofonia\/wp\/wp-content\/uploads\/2017\/02\/web_science-460x121.png 460w, http:\/\/www.lilec.it\/francofonia\/wp\/wp-content\/uploads\/2017\/02\/web_science.png 465w\" sizes=\"(max-width: 300px) 100vw, 300px\" \/><\/p>\n<p><img decoding=\"async\" class=\"alignnone size-medium wp-image-568\" src=\"http:\/\/www.lilec.it\/francofonia\/wp\/wp-content\/uploads\/2017\/02\/erihplus_465x121_blu-300x78.png\" alt=\"\" width=\"300\" height=\"78\" srcset=\"http:\/\/www.lilec.it\/francofonia\/wp\/wp-content\/uploads\/2017\/02\/erihplus_465x121_blu-200x52.png 200w, http:\/\/www.lilec.it\/francofonia\/wp\/wp-content\/uploads\/2017\/02\/erihplus_465x121_blu-300x78.png 300w, http:\/\/www.lilec.it\/francofonia\/wp\/wp-content\/uploads\/2017\/02\/erihplus_465x121_blu-400x104.png 400w, http:\/\/www.lilec.it\/francofonia\/wp\/wp-content\/uploads\/2017\/02\/erihplus_465x121_blu-460x121.png 460w, http:\/\/www.lilec.it\/francofonia\/wp\/wp-content\/uploads\/2017\/02\/erihplus_465x121_blu.png 465w\" sizes=\"(max-width: 300px) 100vw, 300px\" \/><\/p>\n<\/div><div class=\"fusion-clearfix\"><\/div><\/div><\/div><\/div><\/div><div class=\"fusion-fullwidth fullwidth-box fusion-builder-row-2 nonhundred-percent-fullwidth non-hundred-percent-height-scrolling\" style=\"--awb-border-radius-top-left:0px;--awb-border-radius-top-right:0px;--awb-border-radius-bottom-right:0px;--awb-border-radius-bottom-left:0px;--awb-padding-top:20px;--awb-padding-bottom:20px;--awb-flex-wrap:wrap;\" ><div class=\"fusion-builder-row fusion-row\"><div class=\"fusion-layout-column fusion_builder_column fusion-builder-column-2 fusion_builder_column_1_1 1_1 fusion-one-full fusion-column-first fusion-column-last\" style=\"--awb-bg-size:cover;\"><div class=\"fusion-column-wrapper fusion-flex-column-wrapper-legacy\"><div class=\"fusion-text fusion-text-3\"><p>La revue est \u00e9galement pr\u00e9sente dans de nombreux r\u00e9pertoires en papier et en ligne, dans des bases de donn\u00e9es, des catalogues de biblioth\u00e8ques, dont MLA, Otto KLAPP, R\u00e9pertoire du CIEF, LIMAG, Ent\u2019revues (Le site des revues culturelles), ULRICH\u2019S Periodicals Directory, ACNP, OPAC, SBN, ZEITSCHRIFTENDATENBANK, SUDOC.<\/p>\n<p>La rivista\u00a0\u00e8 presente anche in numerosi inventari cartacei e online, su banche dati, nei cataloghi di biblioteche, tra cui MLA, Otto KLAPP, R\u00e9pertoire du CIEF, LIMAG, Ent&#8217;revues (Le site des revues culturelles), ULRICH&#8217;S Periodicals Directory, ACNP, OPAC, SBN, ZEITSCHRIFTENDATENBANK, SUDOC.<\/p>\n<\/div><div class=\"fusion-clearfix\"><\/div><\/div><\/div><\/div><\/div><\/p>\n","protected":false},"excerpt":{"rendered":"<p>35<\/p>\n","protected":false},"author":1,"featured_media":0,"parent":0,"menu_order":0,"comment_status":"closed","ping_status":"closed","template":"","meta":{"footnotes":""},"class_list":["post-301","page","type-page","status-publish","hentry"],"_links":{"self":[{"href":"http:\/\/www.lilec.it\/francofonia\/wp-json\/wp\/v2\/pages\/301","targetHints":{"allow":["GET"]}}],"collection":[{"href":"http:\/\/www.lilec.it\/francofonia\/wp-json\/wp\/v2\/pages"}],"about":[{"href":"http:\/\/www.lilec.it\/francofonia\/wp-json\/wp\/v2\/types\/page"}],"author":[{"embeddable":true,"href":"http:\/\/www.lilec.it\/francofonia\/wp-json\/wp\/v2\/users\/1"}],"replies":[{"embeddable":true,"href":"http:\/\/www.lilec.it\/francofonia\/wp-json\/wp\/v2\/comments?post=301"}],"version-history":[{"count":20,"href":"http:\/\/www.lilec.it\/francofonia\/wp-json\/wp\/v2\/pages\/301\/revisions"}],"predecessor-version":[{"id":924,"href":"http:\/\/www.lilec.it\/francofonia\/wp-json\/wp\/v2\/pages\/301\/revisions\/924"}],"wp:attachment":[{"href":"http:\/\/www.lilec.it\/francofonia\/wp-json\/wp\/v2\/media?parent=301"}],"curies":[{"name":"wp","href":"https:\/\/api.w.org\/{rel}","templated":true}]}}