{"id":235,"date":"2013-04-13T17:13:42","date_gmt":"2013-04-13T17:13:42","guid":{"rendered":"http:\/\/www.lilec.it\/lisa\/wp\/?page_id=235"},"modified":"2014-04-24T10:10:29","modified_gmt":"2014-04-24T10:10:29","slug":"linguistica-generale","status":"publish","type":"page","link":"http:\/\/www.lilec.it\/lisa\/linguistica-generale\/","title":{"rendered":"Linguistica"},"content":{"rendered":"<p><strong>Cosa significa studiare linguistica alla Scuola di Lingue<br \/>\n<\/strong><\/p>\n<p>La <strong>linguistica <\/strong>(o <strong>glottologia<\/strong>) \u00e8 quel ramo delle scienze umane che studia come funziona il linguaggio umano, come sono fatte le lingue del mondo e come queste cambiano nel tempo. \u00c8 una disciplina che sta alla base dello studio di qualsiasi lingua.<\/p>\n<p>L&#8217;esame di &#8220;<strong>Linguistica generale 1<\/strong>&#8221; \u00e8 un fondamentale di I anno che introduce gli studenti a questa materia per loro nuova. Attraverso il corso gli studenti conoscono le basi epistemologiche della disciplina e le sue articolazioni (linguistica teorica, linguistica storica, tipologia linguistica, sociolinguistica, psicolinguistica, linguistica computazionale, ecc.) e acquisiscono gli strumenti necessari per studiare una lingua ai vari livelli dell&#8217;analisi linguistica (fonetica\/fonologia, morfologia\/lessico, sintassi, semantica\/pragmatica). A partire dal II anno della triennale (e poi durante la magistrale), gli studenti possono approfondire lo studio di un particolare aspetto della linguistica con uno dei tanti corsi avanzati presenti nella nostra <strong>offerta formativa<\/strong>.<\/p>\n<p>Insegnamenti di linguistica nei nostri Corsi di Laurea <strong>Triennale<\/strong> (LT):<\/p>\n<ul>\n<li><strong>Linguistica generale 1<\/strong> [<em>obbligatorio per tutti<\/em>] \u2013 <a href=\"http:\/\/www.unibo.it\/docenti\/antonietta.bisetto\" target=\"_blank\">Antonietta Bisetto <\/a>\/ <a href=\"http:\/\/www.unibo.it\/docenti\/stefano.canalis\" target=\"_blank\">Stefano Canalis<\/a> \/ <a href=\"http:\/\/www.unibo.it\/docenti\/elisabetta.magni\" target=\"_blank\">Elisabetta Magni<\/a> \/ <a href=\" http:\/\/www.unibo.it\/docenti\/francesca.masini \" target=\"_blank\">Francesca Masini<\/a> \/ <a href=\"http:\/\/www.unibo.it\/docenti\/maria.mazzoli3\" target=\"_blank\">Maria Mazzoli<\/a><\/li>\n<\/ul>\n<ul>\n<li><strong><strong>Linguistica applicata<\/strong><\/strong> \u2013 <a href=\"http:\/\/www.unibo.it\/docenti\/fabio.tamburini\" target=\"_blank\">Fabio Tamburini<strong><strong><\/strong><\/strong><\/a><\/li>\n<li><strong>Linguistica generale 2<\/strong> \u2013 <a href=\"http:\/\/www.unibo.it\/docenti\/antonietta.bisetto\" target=\"_blank\">Antonietta Bisetto<\/a> &amp; <a href=\" http:\/\/www.unibo.it\/docenti\/francesca.masini \" target=\"_blank\">Francesca Masini<\/a><\/li>\n<li><strong>Linguistica storica<\/strong> \u2013 <a href=\"http:\/\/www.unibo.it\/docenti\/elisabetta.magni\" target=\"_blank\">Elisabetta Magni<\/a><\/li>\n<\/ul>\n<p>Insegnamenti di linguistica\u00a0nei nostri Corsi di Laurea <strong>Magistrale<\/strong> (LM):<\/p>\n<ul>\n<li><strong>Lingue e Linguaggio<\/strong> \u2013 <a href=\"http:\/\/www.unibo.it\/docenti\/nicola.grandi\" target=\"_blank\">Nicola Grandi<\/a><\/li>\n<li><strong><strong>Linguistica applicata<\/strong><\/strong> \u2013 <a href=\"http:\/\/www.unibo.it\/docenti\/antonietta.bisetto\" target=\"_blank\">Antonietta Bisetto<\/a><\/li>\n<li><strong>Linguistica computazionale<\/strong> \u2013 <a href=\"http:\/\/www.unibo.it\/docenti\/fabio.tamburini\" target=\"_blank\">Fabio Tamburini<\/a><\/li>\n<li><strong>Psicolinguistica<\/strong> \u2013 <a href=\"http:\/\/www.unibo.it\/docenti\/l.lugli\" target=\"_blank\">Luisa Lugli<\/a><\/li>\n<li><strong>Sociolinguistica<\/strong> \u2013 <a href=\"http:\/\/www.unibo.it\/docenti\/fabio.foresti\" target=\"_blank\">Fabio Foresti<\/a><\/li>\n<\/ul>\n<p style=\"text-align: center;\">\u25cf\u25cf\u25cf<\/p>\n<p><strong>Cosa significa fare la prova finale (Laurea triennale) in linguistica<\/strong><\/p>\n<p><em title=\"Documenti\">Conoscenze necessarie (carriera)<\/em><\/p>\n<p>Per laurearsi in linguistica \u00e8 necessario avere una solida conoscenza dei metodi della disciplina e dei suoi paradigmi teorici. Per questo, per le prove finali di laurea triennale, sar\u00e0 data precedenza agli studenti che hanno inserito, all\u2019interno del loro piano di studi, almeno un secondo insegnamento di linguistica oltre all\u2019obbligatorio <em>Linguistica generale 1<\/em> (si veda l&#8217;elenco fornito poco sopra).<\/p>\n<p><em>Tipologie di prova finale<\/em><\/p>\n<p>Una prova finale in Linguistica Generale pu\u00f2 avere carattere sia compilativo che sperimentale. L\u2019eventuale parte sperimentale dipender\u00e0 dal tipo di analisi che si intende affrontare: pu\u00f2 consistere, ad esempio, nella raccolta di nuovi dati, nella costituzione di un <em>corpus <\/em>(insieme di testi), nella sottomissione di test a informanti, ma anche di un\u2019analisi originale di fenomeni gi\u00e0 noti.<\/p>\n<p>Il lavoro pu\u00f2 teoricamente riguardare uno qualsiasi dei livelli di analisi (fonetica\/fonologia, morfologia\/lessico, sintassi, semantica\/pragmatica), pu\u00f2 avere carattere sia sincronico che diacronico e pu\u00f2 riguardare una o pi\u00f9 lingue, fermo restando l\u2019obbligo \u2013 sancito da alcuni regolamenti per le prove finali \u2013 di presentare un elaborato che verta su almeno una delle lingue inserite dallo studente nel proprio piano di studi.<\/p>\n<p><em>Scelta dell\u2019argomento<\/em><\/p>\n<div>\n<div>\n<p>Ai laureandi non viene assegnato un argomento prestabilito. L\u2019individuazione del tema dell\u2019elaborato \u00e8 parte integrante della prova finale e deve scaturire dagli interessi e dalla curiosit\u00e0 del laureando. Tuttavia, i singoli docenti potranno essere pi\u00f9 propensi ad accettare progetti su tematiche vicine ai propri interessi di ricerca.<\/p>\n<p><em>Scelta del correlatore<\/em><\/p>\n<p>Il correlatore va scelto in base all\u2019argomento e alle lingue analizzate. Tipicamente, il correlatore sar\u00e0 un altro docente di Linguistica Generale oppure un docente di \u201cLingua e Linguistica\u201d di area (per esempio, Lingua e Linguistica Francese, Lingua e Linguistica Portoghese, e cos\u00ec via).<\/p>\n<p><em>Tempi<\/em><\/p>\n<p>La prova finale richiede tempo per la raccolta, la lettura e l\u2019assimilazione del materiale bibliografico, nonch\u00e9 per la stesura dell\u2019elaborato. Gli studenti sono pertanto pregati di rivolgersi a me con congruo anticipo rispetto alla sessione di laurea in cui intendono laurearsi, e comunque almeno sei mesi prima rispetto alla data di consegna della tesi in segreteria.<\/p>\n<p><em>Per saperne di pi\u00f9<\/em><\/p>\n<p><a href=\"https:\/\/dl.dropbox.com\/u\/1033038\/linee_guida_tesi_linguistica.pdf\">Linee guida per la stesura di prove finali in Linguistica Generale (Francesca Masini)<\/a><\/p>\n<\/div>\n<\/div>\n","protected":false},"excerpt":{"rendered":"<p>Cosa significa studiare linguistica alla Scuola di Lingue La linguistica (o glottologia) \u00e8 quel ramo delle scienze umane che studia come funziona il linguaggio umano, come sono fatte le lingue del mondo e come queste cambiano nel tempo. \u00c8 una &hellip; <a href=\"http:\/\/www.lilec.it\/lisa\/linguistica-generale\/\">Continua a leggere<span class=\"meta-nav\">&rarr;<\/span><\/a><\/p>\n","protected":false},"author":2,"featured_media":0,"parent":0,"menu_order":0,"comment_status":"open","ping_status":"open","template":"","meta":[],"_links":{"self":[{"href":"http:\/\/www.lilec.it\/lisa\/wp-json\/wp\/v2\/pages\/235"}],"collection":[{"href":"http:\/\/www.lilec.it\/lisa\/wp-json\/wp\/v2\/pages"}],"about":[{"href":"http:\/\/www.lilec.it\/lisa\/wp-json\/wp\/v2\/types\/page"}],"author":[{"embeddable":true,"href":"http:\/\/www.lilec.it\/lisa\/wp-json\/wp\/v2\/users\/2"}],"replies":[{"embeddable":true,"href":"http:\/\/www.lilec.it\/lisa\/wp-json\/wp\/v2\/comments?post=235"}],"version-history":[{"count":13,"href":"http:\/\/www.lilec.it\/lisa\/wp-json\/wp\/v2\/pages\/235\/revisions"}],"predecessor-version":[{"id":1045,"href":"http:\/\/www.lilec.it\/lisa\/wp-json\/wp\/v2\/pages\/235\/revisions\/1045"}],"wp:attachment":[{"href":"http:\/\/www.lilec.it\/lisa\/wp-json\/wp\/v2\/media?parent=235"}],"curies":[{"name":"wp","href":"https:\/\/api.w.org\/{rel}","templated":true}]}}