{"id":738,"date":"2016-07-15T17:13:49","date_gmt":"2016-07-15T17:13:49","guid":{"rendered":"http:\/\/www.lilec.it\/mmm\/wp\/?page_id=738"},"modified":"2016-09-30T09:15:02","modified_gmt":"2016-09-30T09:15:02","slug":"proceedings-mmm10-haifa","status":"publish","type":"page","link":"http:\/\/www.lilec.it\/mmm\/?page_id=738","title":{"rendered":"[Proceedings] MMM10 \u2013 Haifa"},"content":{"rendered":"<h1><span style=\"color: #333333;\">online proceedings of the Tenth mediterranean morphology meeting mmm10 (Haifa) 7-10 September 2015<\/span><\/h1>\n<p><span style=\"color: #333333;\">\u00a0<a href=\"http:\/\/www.lilec.it\/mmm\/wp\/wp-content\/uploads\/2016\/07\/cover_issue_337_en_US.jpg\"><img loading=\"lazy\" class=\"size-medium wp-image-767 alignnone\" src=\"http:\/\/www.lilec.it\/mmm\/wp\/wp-content\/uploads\/2016\/07\/cover_issue_337_en_US-212x300.jpg\" alt=\"cover_issue_337_en_us\" width=\"212\" height=\"300\" srcset=\"http:\/\/www.lilec.it\/mmm\/wp\/wp-content\/uploads\/2016\/07\/cover_issue_337_en_US-212x300.jpg 212w, http:\/\/www.lilec.it\/mmm\/wp\/wp-content\/uploads\/2016\/07\/cover_issue_337_en_US.jpg 250w\" sizes=\"(max-width: 212px) 100vw, 212px\" \/><\/a><\/span><\/p>\n<p><span style=\"color: #333333;\">Edited by <strong>Jenny Audring<\/strong>, <strong>Francesca Masini<\/strong>, <strong>Wendy Sandler<\/strong><\/span><br \/>\n<span style=\"color: #333333;\"> Date of Publication: 2016<\/span><br \/>\n<span style=\"color: #333333;\"> ISSN: 1826-7491<\/span><br \/>\n<span style=\"color: #333333;\"> University of Leiden | University of Bologna | University of Haifa<\/span><\/p>\n<p><span style=\"color: #333333;\"><strong>Full Volume<\/strong>: <a style=\"color: #333333;\" href=\"http:\/\/www.lilec.it\/mmm\/wp\/wp-content\/uploads\/2016\/07\/MMM10_proceedings_BOOK.pdf\">download here<\/a> <\/span><\/p>\n<p><span style=\"color: #333333;\">Single papers are available through the <a style=\"color: #333333;\" href=\"http:\/\/xantho.lis.upatras.gr\/pasithee\/index.php\/mmm\/issue\/current\/showToc\">MMM Online Proceedings Platform<\/a><\/span><\/p>\n<p>&nbsp;<\/p>\n<h2><span style=\"color: #333333;\">Table of contents<br \/>\n<\/span><\/h2>\n<ul>\n<li><span style=\"color: #333333;\">Cover &amp; Frontpage<\/span><\/li>\n<\/ul>\n<ul>\n<li><span style=\"color: #333333;\">Table of contents, Foreword &amp; Abstracts<\/span><\/li>\n<\/ul>\n<ul>\n<li><span style=\"color: #333333;\"><strong>Faruk Akku\u015f<\/strong>: <em>Suspended affixation with derivational suffixes and lexical integrity<\/em><\/span><\/li>\n<\/ul>\n<ul>\n<li><span style=\"color: #333333;\"><strong>Elitzur A. Bar-Asher Siegal<\/strong>: <em>The Semitic templates from the perspective of reciprocal predicates<\/em><\/span><\/li>\n<\/ul>\n<ul>\n<li><span style=\"color: #333333;\"><strong>Gal Belsitzman, Wendy Sandler<\/strong>: <em>Motivated phonological templates in Sign Language<\/em><\/span><\/li>\n<\/ul>\n<ul>\n<li><span style=\"color: #333333;\"><strong>Edit Doron, Geoffrey Khan<\/strong>:<em> The morphosyntax of definiteness agreement in Neo-Aramaic and Central Semitic<\/em><\/span><\/li>\n<\/ul>\n<ul>\n<li><span style=\"color: #333333;\"><strong>Kazuhiko Fukushima<\/strong>: <em>Telicity makes or breaks verb serialization<\/em><\/span><\/li>\n<\/ul>\n<ul>\n<li><span style=\"color: #333333;\"><strong>H\u00e9l\u00e8ne Giraudo, Serena Dal Maso, Sabrina Piccinin<\/strong>: <em>The role of stem frequency in morphological processing<\/em><\/span><\/li>\n<\/ul>\n<ul>\n<li><span style=\"color: #333333;\"><strong>Claudio Iacobini, Luisa Corona:<\/strong> <em>\u201cRomanes eunt domus\u201d: where you can go with Latin morphology. Variation in motion expression between system and usage<\/em><\/span><\/li>\n<\/ul>\n<ul>\n<li><span style=\"color: #333333;\"><strong>Aysun Kundurac\u0131, Asl\u0131 G\u00f6ksel:<\/strong> <em>Morphology: the base processor<\/em><\/span><\/li>\n<\/ul>\n<ul>\n<li><span style=\"color: #333333;\"><strong>Ryan Lepic:<\/strong> <em>Lexical blends and lexical patterns in English and in American Sign Language<\/em><\/span><\/li>\n<\/ul>\n<ul>\n<li><span style=\"color: #333333;\"><strong>Irit Meir:<\/strong> <em>Grammaticalization is not the full story: a non-grammaticalization account of the emergence of sign language agreement morphemes<\/em><\/span><\/li>\n<\/ul>\n<ul>\n<li><span style=\"color: #333333;\"><strong>Fabio Montermini, Matteo Pascoli:<\/strong> <em>A paradigmatic analysis of the Italian verbal derivation<\/em><\/span><\/li>\n<\/ul>\n<ul>\n<li><span style=\"color: #333333;\"><strong>Ignacio L. Montoya:<\/strong> <em>A comparison of roots as units of analysis in Modern Hebrew and Spanish: exploring a remnant approach to defining roots<\/em><\/span><\/li>\n<\/ul>\n<ul>\n<li><span style=\"color: #333333;\"><strong>Gergana Popova:<\/strong> <em>Inflected and periphrastic features: issues of comparison and modelling<\/em><\/span><\/li>\n<\/ul>\n<ul>\n<li><span style=\"color: #333333;\"><strong>Marcel Schlechtweg, Holden H\u00e4rtl:<\/strong> <em>The lexicalization of complex constructions: an analysis of adjective-noun combinations<\/em><\/span><\/li>\n<\/ul>\n<ul>\n<li><span style=\"color: #333333;\"><strong>Giuseppina Todaro, Fabio Montermini:<\/strong> <em>Spatial reduplication in Sicilian: lexicon or grammar?<\/em><\/span><\/li>\n<\/ul>\n<hr \/>\n<p><span style=\"color: #333333;\"><em>The volume can be downloaded free of charge either as a single PDF file, or separately as individual PDF files. To view and print these files you will need a pdf-viewer, such as Acrobat Reader. If you do not have a copy of Acrobat Reader, you may download it free from\u00a0<a style=\"color: #333333;\" href=\"http:\/\/www.adobe.com\/products\/acrobat\/\" target=\"_blank\">Adobe<\/a>.<\/em><\/span><\/p>\n","protected":false},"excerpt":{"rendered":"<p>online proceedings of the Tenth mediterranean morphology meeting mmm10 (Haifa) 7-10 September 2015 \u00a0 Edited by Jenny Audring, Francesca Masini, Wendy Sandler Date of Publication: 2016 ISSN: 1826-7491 University of Leiden | University of Bologna | University of Haifa Full &hellip; <a href=\"http:\/\/www.lilec.it\/mmm\/?page_id=738\">Continua a leggere <span class=\"meta-nav\">&rarr;<\/span><\/a><\/p>\n","protected":false},"author":5,"featured_media":0,"parent":0,"menu_order":0,"comment_status":"closed","ping_status":"closed","template":"","meta":[],"_links":{"self":[{"href":"http:\/\/www.lilec.it\/mmm\/index.php?rest_route=\/wp\/v2\/pages\/738"}],"collection":[{"href":"http:\/\/www.lilec.it\/mmm\/index.php?rest_route=\/wp\/v2\/pages"}],"about":[{"href":"http:\/\/www.lilec.it\/mmm\/index.php?rest_route=\/wp\/v2\/types\/page"}],"author":[{"embeddable":true,"href":"http:\/\/www.lilec.it\/mmm\/index.php?rest_route=\/wp\/v2\/users\/5"}],"replies":[{"embeddable":true,"href":"http:\/\/www.lilec.it\/mmm\/index.php?rest_route=%2Fwp%2Fv2%2Fcomments&post=738"}],"version-history":[{"count":12,"href":"http:\/\/www.lilec.it\/mmm\/index.php?rest_route=\/wp\/v2\/pages\/738\/revisions"}],"predecessor-version":[{"id":769,"href":"http:\/\/www.lilec.it\/mmm\/index.php?rest_route=\/wp\/v2\/pages\/738\/revisions\/769"}],"wp:attachment":[{"href":"http:\/\/www.lilec.it\/mmm\/index.php?rest_route=%2Fwp%2Fv2%2Fmedia&parent=738"}],"curies":[{"name":"wp","href":"https:\/\/api.w.org\/{rel}","templated":true}]}}